5*v + 12, -2*q + 14 = 5*v. Let b(t) = t**2 + 8*t - 9. Let c be b(-7). Is q/c + (-51186)/(-16) composite?
True
Let v(z) be the second derivative of 617*z**3/3 + 309*z**2/2 + 32*z + 1. Is v(8) prime?
True
Let f = -55 + 53. Let q be (-15 + 6)/(3/f). Suppose 0 = -q*t - 0*t + 10158. Is t prime?
True
Let s(x) = 36*x + 1. Let o(c) = 108*c + 3. Let g(w) = -2*o(w) + 7*s(w). Let i be g(-5). Let z = i + 306. Is z a prime number?
True
Let n(i) = 39*i**2 + 20*i - 81. Let p = 340 - 362. Is n(p) a prime number?
False
Suppose 0*h + 5*h = -f + 62607, -5 = 5*h. Suppose 5*n - n = f. Is n a prime number?
False
Is ((-10)/(-6))/(9 - (-2058360)/(-228708)) a prime number?
False
Suppose 0 = 11*t - 138967 - 65182. Is t a composite number?
True
Let s be 3/1 - (25/5 - 21). Is (2691464/(-32))/s*-4 composite?
False
Let s(v) = -139*v - 36. Let i(o) = o**2 - 8*o + 17. Let b be i(5). Suppose 2*m - b*x + 22 = 0, -19 = 2*m + 3*m + 4*x. Is s(m) a composite number?
False
Suppose 3*v + 600169 = 2*w, -9*w - v + 1200359 = -5*w. Is w composite?
False
Suppose -25*w = -37*w + 6372. Suppose -c = -1316 - w. Is c composite?
False
Let z be (-84)/105 - 222/(-15). Is (-232)/(-406) + 71294/z composite?
True
Let s(q) = -98015*q**3 - q**2 - 93*q - 92. Is s(-1) prime?
False
Suppose 22*i = 21*i + 7. Let a(o) = -213*o - 34. Let f(p) = 1. Let k(s) = -a(s) - 3*f(s). Is k(i) composite?
True
Let b = 108008 - -6989. Is b a composite number?
False
Let z = -64 - -68. Suppose -3*d - 8127 = -z*d - n, -20 = -5*n. Suppose -7*k + d + 1082 = 0. Is k prime?
False
Let n be -6*((-40)/(-12) - 3). Let p(o) = -175*o - 1. Let x be p(n). Let j = x + -222. Is j a composite number?
False
Let o = 582 + -580. Is o - (-260 + (4 - -1)) prime?
True
Let x be 2/(14/(-35)) - -186. Let o = 6078 - x. Is o prime?
True
Suppose 118*d = 121*d - 309462. Is d prime?
False
Suppose -1737 = -4*s - 5*s. Let u = 500 - s. Is u composite?
False
Let p be 2*(-2)/(-4) - 466. Let x(m) = 10*m + 1554. Let h be x(-42). Let o = h + p. Is o a prime number?
False
Let g = 41536 + -9511. Suppose -4*f - 12 = 36. Is g/39 + f/78 composite?
False
Let o(j) = j**2 + 5143. Let q be o(0). Suppose -25320 = -32*h + 22*h. Let b = q - h. Is b a composite number?
True
Let o(p) = -2388*p - 38. Let t be o(-7). Let g = 36988 - t. Suppose 5*w - g = -10*w. Is w composite?
True
Let l(r) = 3*r**2 - 1. Let g be l(-1). Suppose 2659 = g*b - b. Is b a prime number?
True
Let m(i) = 3*i**3 - 21*i**2 + 44*i + 27. Let q be m(12). Suppose 3*z = 888 + q. Is z a composite number?
False
Suppose -505842 - 217894 = -13*s. Suppose -69*r = -61*r - s. Is r a composite number?
False
Let v be (37 + -43)/((-3)/146). Is (v/2)/((-70)/(-5705)) a prime number?
False
Let r = -10236 + 22581. Suppose 4*k = -k + r. Is k a composite number?
True
Let v(l) = l**2 - 7*l - 15. Let f be v(9). Let k be ((-16)/(-6))/(f/(27/6)). Suppose -6*o - k*w + 12299 = -o, 0 = 5*o - 4*w - 12291. Is o prime?
True
Suppose c = 2*c - 44. Let d = c + -40. Suppose 7*p - 99 = d*p. Is p prime?
False
Suppose -6*j - 1916 - 43204 = 0. Let g be ((-2)/1 + j)/(-2). Suppose -6*l - 6 = -3*l, 3*y = -2*l + g. Is y a prime number?
False
Is -9 - ((-476475 - 18) + -13) composite?
True
Let k = -7761 - -7892. Is k a prime number?
True
Suppose 47478383 + 6595161 = 152*x. Is x a prime number?
False
Suppose w + 2*f = 3, -5*w - 7 - 3 = 5*f. Is 8 + -3 - (-34572)/((-14)/w) composite?
False
Is (-44683*(10/(-2))/(-5))/(-1) a composite number?
False
Suppose -3*a + 27 - 43 = -2*m, a = 2*m - 20. Is (-4 - -2)/(m/(785598/(-12))) a composite number?
False
Suppose -10*b = 12 - 42. Is 1146/(-9)*-66*b/12 a composite number?
True
Suppose 15*d + 12 = 12*d, -4*t + 2*d + 82516 = 0. Is t a prime number?
True
Let m(t) = 32437*t**2 + 34*t - 2. Is m(-1) composite?
False
Let i be 1/1 + -4 - (12 - 7). Let y be (-18)/i - 2 - 496/(-64). Is (18/y)/3 + 2642/8 a composite number?
False
Is (-37087)/(-3)*(-9 + 2 + 10) composite?
False
Let c be 12/(-28) - (-89214)/14. Let t be 2 + -5 - c/(-3). Suppose -374 - t = -5*i. Is i a prime number?
True
Suppose 0 = -71*p + 89*p - 321066. Suppose -4*a + p = -27087. Is a prime?
False
Suppose q = 3*z - 22, 5*z + q - 36 + 2 = 0. Is -7901*(-1)/(-6 + z) a prime number?
True
Let m = -414 - -9035. Is m a prime number?
False
Let z = 18199 - -276784. Is z a composite number?
True
Let g = -2 - 0. Let v(x) = 465*x - 28. Let m(r) = -156*r + 9. Let q(j) = 7*m(j) + 2*v(j). Is q(g) a composite number?
False
Let a(i) = -546*i - 14. Suppose 7*f + 13 = -22. Let v be a(f). Suppose 10*h + v = 14*h. Is h a prime number?
False
Suppose 2*y = -4*n + 6*n + 1770, 0 = -5*y - 20. Let i = n - -1386. Is i a prime number?
False
Let n(m) = -m**2 - 8*m - 6. Let a be n(-7). Let b be (-1 - -1) + (-3055*a)/(-5). Suppose -2*f = 2*w - 3*f - b, -3*f + 316 = w. Is w composite?
False
Let n be 45 + -49 - (133026 - (2 - 0)). Is ((-16)/8)/(8/n) prime?
False
Let c(k) = 7*k - 33. Let t be c(4). Is (t + 44037/(-3))/(-2) composite?
True
Let x(v) = 14*v**3 + v**2 + 3 + 4*v + 5*v**3 - 2*v - 18*v**3. Let f be x(0). Suppose 4*n - 430 = -2*i + 1526, -f*n + 1465 = i. Is n a composite number?
False
Suppose -66188 = -3*b + 5*l, 6*l + 3133 = b - 18960. Is b a composite number?
False
Let s(f) = 66*f**2 - 69*f + 1397. Is s(70) a composite number?
False
Let r = -63 + 61. Is (291962/(-92))/(1/r) prime?
False
Suppose x - 5*x = 2*i - 1754, -4*i + 456 = x. Let j = 658 + -658. Suppose j*f + 2*f = x. Is f a composite number?
True
Suppose 4*s - 164393 = -5*d, 119*d = 123*d - s - 131527. Is d prime?
False
Suppose 5*b = 2*w - 139242, 0 = 2*w - b - 80603 - 58655. Let u = w + -34896. Is u composite?
True
Suppose -11*i = -4502 - 121635. Is i a composite number?
False
Suppose -36*k + 368032 + 1294360 = -11572. Is k composite?
False
Let n(l) = -l**3 - 2*l**2 + 6*l + 2. Let c be n(-4). Suppose 5*w - 1385 = c*w. Let t = w - -596. Is t composite?
True
Let w = 973 + 631. Let x = -383 - -818. Let s = w - x. Is s a composite number?
True
Let s(b) = 8*b + 72. Let d be s(-7). Suppose 1156 = d*c - 2988. Is c a composite number?
True
Suppose 8*r = 2*t + 3*r + 5, 3*r + 49 = -4*t. Let y = t + 15. Suppose y*g - 3*q - 2*q = 23700, -q = -5*g + 23704. Is g prime?
False
Let c(x) = 32267*x - 475. Is c(10) a prime number?
False
Is 868211868/5512 + (-2)/52 a composite number?
False
Let n = -7141 + 13872. Is n composite?
True
Let o be (-9)/9 + 5 + -1. Let b(s) = s**3 - 3*s**2 + 4*s - 7. Let f be b(o). Suppose v - 2*v + k = -2338, -f*v + 2*k + 11675 = 0. Is v composite?
False
Let i(p) = 1082*p**3 + 34*p**2 - 143*p + 13. Is i(8) composite?
False
Is ((-9)/(-18))/(11/1605626) a prime number?
False
Suppose 43 - 170 = -i - 4*o, 5*i - 755 = 4*o. Suppose 113 = 5*u - i. Let a = 359 + u. Is a a prime number?
False
Suppose 0 = 192*j - 193*j - 22882. Is (j/(-102))/((-1)/(-3)) a prime number?
True
Suppose 3*p + 4*p = 4*p. Suppose p = -4*n + 61 + 303. Is -1 + (-5)/(-7) - (-13221)/n a composite number?
True
Let o(q) = 4535*q - 121. Is o(88) prime?
False
Suppose 0*k = -2*k + 286. Suppose -10*a = 2*o - 5*a + 215, 10 = 2*a. Let c = k - o. Is c a prime number?
True
Suppose -7*i - 510 = 246. Let a be (i/8)/(-9)*2. Suppose a*m + 89 = 4*m. Is m a composite number?
False
Let d = -15 + 20. Suppose d*j = 3*j - 14. Let i(g) = -152*g + 9. Is i(j) a prime number?
False
Let k = 2456 - 784. Let i = 2859 - k. Is i a prime number?
True
Is 92596/4 - (-49 + 55) a composite number?
False
Let m(p) = p**3 + 16*p**2 - 17*p - 4. Let n be m(-17). Let j be 6/3*1/n*-1668. Suppose 0 = h + 5*h - j. Is h a composite number?
False
Let c be (-4)/((-4)/3) - -118. Let m = 1028 - c. Is m prime?
True
Let r be (6 + -2 - -8)/((-6)/4). Let x be ((0 - 1) + r)/(-3). Suppose 4*n - 944 = -2*k, x*n = -0*k + 2*k + 701. Is n a prime number?
False
Let g = 12739 + 7298. Is g composite?
True
Suppose -2*i = 5*n + 2458 + 7544, 0 = 2*i - 2*n + 9988. Is 57/38*(-5)/(10/i) a composite number?
True
Suppose -14*p + 25 = -129. Suppose -p*s + 130097 = -15114. Is s composite?
True
Let s(k) = 3 + 9 + 40*k**2 - 7 - 19*k. Suppose -5*d = 3*j - 39, -2*j - 3*d - 1 = -26. Is s(j) prime?
False
Let y = -1904419 + 3449540. Is y prime?
True
Let m(x) = -x**3 - 7*x**2 + 8*x + 4. Let l be m(-8). Let i(p) = l*p**2 + p + 7*p**2 + p - 5. Is i(-4) a prime number?
True
Let k = -111 + 118. Suppose 2*b = k*b - 1535. Is b 